{"id":2195,"date":"2020-05-31T16:00:04","date_gmt":"2020-05-31T14:00:04","guid":{"rendered":"https:\/\/icc-weinfelden.ch\/portfolio-items\/centro-cristiano-weinfelden-eroeffnungsgottesdienst-servicio-de-inauguracion\/"},"modified":"2021-09-17T09:31:04","modified_gmt":"2021-09-17T07:31:04","slug":"centro-cristiano-weinfelden-eroeffnungsgottesdienst-servicio-de-inauguracion","status":"publish","type":"avada_portfolio","link":"https:\/\/icc-weinfelden.ch\/es\/portfolio-items\/centro-cristiano-weinfelden-eroeffnungsgottesdienst-servicio-de-inauguracion\/","title":{"rendered":"Centro Cristiano Weinfelden: Er\u00f6ffnungsgottesdienst &#8211; Servicio de inauguraci\u00f3n"},"content":{"rendered":"<div class=\"fusion-fullwidth fullwidth-box fusion-builder-row-1 hundred-percent-fullwidth non-hundred-percent-height-scrolling\" style=\"--awb-border-radius-top-left:0px;--awb-border-radius-top-right:0px;--awb-border-radius-bottom-right:0px;--awb-border-radius-bottom-left:0px;--awb-flex-wrap:wrap;\" ><div class=\"fusion-builder-row fusion-row\"><div class=\"fusion-layout-column fusion_builder_column fusion-builder-column-0 fusion_builder_column_3_4 3_4 fusion-three-fourth fusion-column-first\" style=\"--awb-bg-size:cover;width:75%;width:calc(75% - ( ( 4% ) * 0.75 ) );margin-right: 4%;\"><div class=\"fusion-column-wrapper fusion-column-has-shadow fusion-flex-column-wrapper-legacy\"><div class=\"fusion-video fusion-youtube fusion-aligncenter\" style=\"--awb-max-width:1920px;--awb-max-height:1080px;--awb-width:100%;\"><div class=\"video-shortcode\"><div class=\"fluid-width-video-wrapper\" style=\"padding-top:56.25%;\" ><iframe class=\"fusion-hidden\" data-privacy-type=\"youtube\" src=\"\" title=\"YouTube video player 1\" data-privacy-src=\"https:\/\/www.youtube.com\/embed\/fKYg_ZWYXDQ?wmode=transparent&autoplay=0\" width=\"1920\" height=\"1080\" allowfullscreen allow=\"autoplay; clipboard-write; encrypted-media; gyroscope; picture-in-picture;\"><\/iframe><div class=\"fusion-privacy-placeholder\" style=\"width:1920px; height:1080px;\" data-privacy-type=\"youtube\"><div class=\"fusion-privacy-placeholder-content\"><div class=\"fusion-privacy-label\">For privacy reasons YouTube needs your permission to be loaded. For more details, please see our <a class=\"privacy-policy-link\" href=\"https:\/\/icc-weinfelden.ch\/privacy-policy\/\" rel=\"privacy-policy\">Privacy Policy<\/a>.<\/div><button data-privacy-type=\"youtube\" class=\"fusion-button button-default fusion-button-default-size button fusion-privacy-consent\">I Accept<\/button><\/div><\/div><\/div><\/div><\/div><div class=\"fusion-clearfix\"><\/div><\/div><\/div><div class=\"fusion-layout-column fusion_builder_column fusion-builder-column-1 fusion_builder_column_1_4 1_4 fusion-one-fourth fusion-column-last\" style=\"--awb-bg-size:cover;width:25%;width:calc(25% - ( ( 4% ) * 0.25 ) );\"><div class=\"fusion-column-wrapper fusion-column-has-shadow fusion-flex-column-wrapper-legacy\"><div class=\"fusion-image-element fusion-image-align-center in-legacy-container\" style=\"text-align:center;--awb-caption-title-font-family:var(--h2_typography-font-family);--awb-caption-title-font-weight:var(--h2_typography-font-weight);--awb-caption-title-font-style:var(--h2_typography-font-style);--awb-caption-title-size:var(--h2_typography-font-size);--awb-caption-title-transform:var(--h2_typography-text-transform);--awb-caption-title-line-height:var(--h2_typography-line-height);--awb-caption-title-letter-spacing:var(--h2_typography-letter-spacing);\"><div class=\"imageframe-align-center\"><span class=\" fusion-imageframe imageframe-none imageframe-1 hover-type-none\"><img decoding=\"async\" width=\"1280\" height=\"720\" title=\"31-05-2020\" src=\"https:\/\/icc-weinfelden.ch\/wp-content\/uploads\/2021\/07\/31-05-2020.jpg\" alt class=\"img-responsive wp-image-2038\" srcset=\"https:\/\/icc-weinfelden.ch\/wp-content\/uploads\/2021\/07\/31-05-2020-200x113.jpg 200w, https:\/\/icc-weinfelden.ch\/wp-content\/uploads\/2021\/07\/31-05-2020-400x225.jpg 400w, https:\/\/icc-weinfelden.ch\/wp-content\/uploads\/2021\/07\/31-05-2020-600x338.jpg 600w, https:\/\/icc-weinfelden.ch\/wp-content\/uploads\/2021\/07\/31-05-2020-800x450.jpg 800w, https:\/\/icc-weinfelden.ch\/wp-content\/uploads\/2021\/07\/31-05-2020-1200x675.jpg 1200w, https:\/\/icc-weinfelden.ch\/wp-content\/uploads\/2021\/07\/31-05-2020.jpg 1280w\" sizes=\"(max-width: 800px) 100vw, 400px\" \/><\/span><\/div><\/div><div class=\"fusion-text fusion-text-1\"><p>Centro Cristiano Weinfelden: Er\u00f6ffnungsgottesdienst und Einsetzung von Andreas und Johana Lange. Gruss- und Segensworte des Gr\u00fcnders von Centro Cristiano Internacional C\u00facuta, Kolumbien, Pastor und Missionar Jos\u00e9 Satirio Dos Santos und Pastor Fausto Jim\u00e9nez und seiner Ehefrau Pastorin und Missionarin Neliete Viegas. Sie sind Pastoren der Gemeinde Centro Cristiano Tucunar\u00e9 in C\u00facuta und hauptverantwortlich f\u00fcr die beiden Kinderprojekte \u201eComedor Infantil de Caracoles\u201c und \u201eNueva Ilusi\u00f3n\u00bb.<\/p>\n<p>Servicio de inauguraci\u00f3n Centro Cristiano Weinfelden y asignaci\u00f3n de pastores Andreas y Johana Lange. Saludos y bendiciones del fundador del Centro Cristiano Internacional C\u00facuta, Colombia, el pastor y misionero Jos\u00e9 Satirio Dos Santos y el pastor Fausto Jim\u00e9nez y su esposa, la pastora y misionera Neliete Viegas. Son pastores de la iglesia Centro Cristiano Tucunar\u00e9 en C\u00facuta, y tambi\u00e9n son los principales responsables de los dos proyectos infantiles \u00abComedor Infantil de Caracoles\u00bb y \u00abNueva Ilusi\u00f3n\u00bb.<\/p>\n<\/div><div class=\"fusion-clearfix\"><\/div><\/div><\/div><\/div><\/div>\n","protected":false},"excerpt":{"rendered":"","protected":false},"author":1,"featured_media":2038,"menu_order":0,"comment_status":"closed","ping_status":"closed","template":"","format":"video","meta":{"footnotes":""},"portfolio_category":[],"portfolio_skills":[],"portfolio_tags":[],"class_list":["post-2195","avada_portfolio","type-avada_portfolio","status-publish","format-video","has-post-thumbnail","hentry"],"_links":{"self":[{"href":"https:\/\/icc-weinfelden.ch\/es\/wp-json\/wp\/v2\/avada_portfolio\/2195","targetHints":{"allow":["GET"]}}],"collection":[{"href":"https:\/\/icc-weinfelden.ch\/es\/wp-json\/wp\/v2\/avada_portfolio"}],"about":[{"href":"https:\/\/icc-weinfelden.ch\/es\/wp-json\/wp\/v2\/types\/avada_portfolio"}],"author":[{"embeddable":true,"href":"https:\/\/icc-weinfelden.ch\/es\/wp-json\/wp\/v2\/users\/1"}],"replies":[{"embeddable":true,"href":"https:\/\/icc-weinfelden.ch\/es\/wp-json\/wp\/v2\/comments?post=2195"}],"version-history":[{"count":1,"href":"https:\/\/icc-weinfelden.ch\/es\/wp-json\/wp\/v2\/avada_portfolio\/2195\/revisions"}],"predecessor-version":[{"id":2196,"href":"https:\/\/icc-weinfelden.ch\/es\/wp-json\/wp\/v2\/avada_portfolio\/2195\/revisions\/2196"}],"wp:featuredmedia":[{"embeddable":true,"href":"https:\/\/icc-weinfelden.ch\/es\/wp-json\/wp\/v2\/media\/2038"}],"wp:attachment":[{"href":"https:\/\/icc-weinfelden.ch\/es\/wp-json\/wp\/v2\/media?parent=2195"}],"wp:term":[{"taxonomy":"portfolio_category","embeddable":true,"href":"https:\/\/icc-weinfelden.ch\/es\/wp-json\/wp\/v2\/portfolio_category?post=2195"},{"taxonomy":"portfolio_skills","embeddable":true,"href":"https:\/\/icc-weinfelden.ch\/es\/wp-json\/wp\/v2\/portfolio_skills?post=2195"},{"taxonomy":"portfolio_tags","embeddable":true,"href":"https:\/\/icc-weinfelden.ch\/es\/wp-json\/wp\/v2\/portfolio_tags?post=2195"}],"curies":[{"name":"wp","href":"https:\/\/api.w.org\/{rel}","templated":true}]}}

Centro Cristiano Weinfelden: Eröffnungsgottesdienst &#8211; Servicio de inauguración

<div class="fusion-fullwidth fullwidth-box fusion-builder-row-1 hundred-percent-fullwidth non-hundred-percent-height-scrolling" style="--awb-border-radius-top-left:0px;--awb-border-radius-top-right:0px;--awb-border-radius-bottom-right:0px;--awb-border-radius-bottom-left:0px;--awb-flex-wrap:wrap;" ><div class="fusion-builder-row fusion-row"><div class="fusion-layout-column fusion_builder_column fusion-builder-column-0 fusion_builder_column_3_4 3_4 fusion-three-fourth fusion-column-first" style="--awb-bg-size:cover;width:75%;width:calc(75% - ( ( 4% ) * 0.75 ) );margin-right: 4%;"><div class="fusion-column-wrapper fusion-column-has-shadow fusion-flex-column-wrapper-legacy"><div class="fusion-video fusion-youtube fusion-aligncenter" style="--awb-max-width:1920px;--awb-max-height:1080px;--awb-width:100%;"><div class="video-shortcode"><div class="fluid-width-video-wrapper" style="padding-top:56.25%;" ><iframe class="fusion-hidden" data-privacy-type="youtube" src="" title="YouTube video player 1" data-privacy-src="https://www.youtube.com/embed/fKYg_ZWYXDQ?wmode=transparent&autoplay=0" width="1920" height="1080" allowfullscreen allow="autoplay; clipboard-write; encrypted-media; gyroscope; picture-in-picture;"></iframe><div class="fusion-privacy-placeholder" style="width:1920px; height:1080px;" data-privacy-type="youtube"><div class="fusion-privacy-placeholder-content"><div class="fusion-privacy-label">For privacy reasons YouTube needs your permission to be loaded. For more details, please see our <a class="privacy-policy-link" href="https://icc-weinfelden.ch/privacy-policy/" rel="privacy-policy">Privacy Policy</a>.</div><button data-privacy-type="youtube" class="fusion-button button-default fusion-button-default-size button fusion-privacy-consent">I Accept</button></div></div></div></div></div><div class="fusion-clearfix"></div></div></div><div class="fusion-layout-column fusion_builder_column fusion-builder-column-1 fusion_builder_column_1_4 1_4 fusion-one-fourth fusion-column-last" style="--awb-bg-size:cover;width:25%;width:calc(25% - ( ( 4% ) * 0.25 ) );"><div class="fusion-column-wrapper fusion-column-has-shadow fusion-flex-column-wrapper-legacy"><div class="fusion-image-element fusion-image-align-center in-legacy-container" style="text-align:center;--awb-caption-title-font-family:var(--h2_typography-font-family);--awb-caption-title-font-weight:var(--h2_typography-font-weight);--awb-caption-title-font-style:var(--h2_typography-font-style);--awb-caption-title-size:var(--h2_typography-font-size);--awb-caption-title-transform:var(--h2_typography-text-transform);--awb-caption-title-line-height:var(--h2_typography-line-height);--awb-caption-title-letter-spacing:var(--h2_typography-letter-spacing);"><div class="imageframe-align-center"><span class=" fusion-imageframe imageframe-none imageframe-1 hover-type-none"><img decoding="async" width="1280" height="720" title="31-05-2020" src="https://icc-weinfelden.ch/wp-content/uploads/2021/07/31-05-2020.jpg" alt class="img-responsive wp-image-2038" srcset="https://icc-weinfelden.ch/wp-content/uploads/2021/07/31-05-2020-200x113.jpg 200w, https://icc-weinfelden.ch/wp-content/uploads/2021/07/31-05-2020-400x225.jpg 400w, https://icc-weinfelden.ch/wp-content/uploads/2021/07/31-05-2020-600x338.jpg 600w, https://icc-weinfelden.ch/wp-content/uploads/2021/07/31-05-2020-800x450.jpg 800w, https://icc-weinfelden.ch/wp-content/uploads/2021/07/31-05-2020-1200x675.jpg 1200w, https://icc-weinfelden.ch/wp-content/uploads/2021/07/31-05-2020.jpg 1280w" sizes="(max-width: 800px) 100vw, 400px" /></span></div></div><div class="fusion-text fusion-text-1"><p>Centro Cristiano Weinfelden: Eröffnungsgottesdienst und Einsetzung von Andreas und Johana Lange. Gruss- und Segensworte des Gründers von Centro Cristiano Internacional Cúcuta, Kolumbien, Pastor und Missionar José Satirio Dos Santos und Pastor Fausto Jiménez und seiner Ehefrau Pastorin und Missionarin Neliete Viegas. Sie sind Pastoren der Gemeinde Centro Cristiano Tucunaré in Cúcuta und hauptverantwortlich für die beiden Kinderprojekte „Comedor Infantil de Caracoles“ und „Nueva Ilusión».</p>
<p>Servicio de inauguración Centro Cristiano Weinfelden y asignación de pastores Andreas y Johana Lange. Saludos y bendiciones del fundador del Centro Cristiano Internacional Cúcuta, Colombia, el pastor y misionero José Satirio Dos Santos y el pastor Fausto Jiménez y su esposa, la pastora y misionera Neliete Viegas. Son pastores de la iglesia Centro Cristiano Tucunaré en Cúcuta, y también son los principales responsables de los dos proyectos infantiles «Comedor Infantil de Caracoles» y «Nueva Ilusión».</p>
</div><div class="fusion-clearfix"></div></div></div></div></div>
